{"id":18255,"date":"2025-01-19T15:52:50","date_gmt":"2025-01-19T14:52:50","guid":{"rendered":"https:\/\/max-emden.de\/wordpress\/?page_id=18255"},"modified":"2025-01-19T15:55:23","modified_gmt":"2025-01-19T14:55:23","slug":"singen-2","status":"publish","type":"page","link":"https:\/\/max-emden.de\/wordpress\/singen-2\/","title":{"rendered":"Singen!"},"content":{"rendered":"<p><strong>AG \u201eSingen!\u201c (f\u00fcr alle Jahrg\u00e4nge offen)<\/strong><\/p>\n<p><strong>Zeit<\/strong>: \u00a0\u00a0\u00a0\u00a0\u00a0\u00a0\u00a0\u00a0\u00a0 Mittwoch, 7. Stunde<a href=\"https:\/\/max-emden.de\/wordpress\/wp-content\/uploads\/2025\/01\/singen_1737298259.jpg\"><img fetchpriority=\"high\" decoding=\"async\" class=\"size-medium wp-image-18259 alignright\" src=\"https:\/\/max-emden.de\/wordpress\/wp-content\/uploads\/2025\/01\/singen_1737298259-300x199.jpg\" alt=\"\" width=\"300\" height=\"199\" srcset=\"https:\/\/max-emden.de\/wordpress\/wp-content\/uploads\/2025\/01\/singen_1737298259-300x199.jpg 300w, https:\/\/max-emden.de\/wordpress\/wp-content\/uploads\/2025\/01\/singen_1737298259-1024x678.jpg 1024w, https:\/\/max-emden.de\/wordpress\/wp-content\/uploads\/2025\/01\/singen_1737298259-768x509.jpg 768w, https:\/\/max-emden.de\/wordpress\/wp-content\/uploads\/2025\/01\/singen_1737298259.jpg 1280w\" sizes=\"(max-width: 300px) 100vw, 300px\" \/><\/a><\/p>\n<p><strong>Ort<\/strong>: \u00a0\u00a0\u00a0\u00a0\u00a0\u00a0\u00a0\u00a0\u00a0\u00a0 Musikpavillon, P1<\/p>\n<p><strong>Leitung<\/strong>: \u00a0\u00a0\u00a0 Frau Kr\u00fcp<\/p>\n<p>&nbsp;<\/p>\n<p>S\u00e4ngerinnen und S\u00e4nger aufgepasst!\u00a0 Musiker und Musikerinnen mit Begleitinstrument (z.B. Klavier, Gitarre usw.) aufgepasst!<\/p>\n<p>Hast du Spa\u00df am Singen? Und am liebsten in Gemeinschaft (im Duett, mit mehreren oder im Chor)? Oder aber du beherrscht ein Begleitinstrument und hast Lust, andere beim Singen am Klavier oder an der Gitarre zu begleiten?<\/p>\n<p>Gemeinsam entdecken wir unser eigenes Instrument, die Stimme, und erarbeiten uns in den Proben Lieder in unterschiedlichen Sprachen und aus verschiedenen Stilrichtungen. Nicht nur als Chor gedacht, sondern offener gestaltet: Je nach Anmeldungen bilden wir einen Chor, k\u00f6nnen aber auch in unterschiedlichen Besetzungen, wie z.B. im Duett oder als Gruppe aus verschiedenen Jahrg\u00e4ngen, Lieder einstudieren. Unterst\u00fctzt werden sollen die Lieder durch Klavier oder Gitarre.<\/p>\n<p>Unser Ziel ist dann schlie\u00dflich ein gemeinsamer Auftritt auf einem Konzert.<\/p>\n<p>Du solltest Spa\u00df am Singen bzw. an Klavier\/Gitarrenbegleitung und Lust auf gemeinsame Auftritte haben.<\/p>\n","protected":false},"excerpt":{"rendered":"<p>AG \u201eSingen!\u201c (f\u00fcr alle Jahrg\u00e4nge offen) Zeit: \u00a0\u00a0\u00a0\u00a0\u00a0\u00a0\u00a0\u00a0\u00a0 Mittwoch, 7. Stunde Ort: \u00a0\u00a0\u00a0\u00a0\u00a0\u00a0\u00a0\u00a0\u00a0\u00a0 Musikpavillon, P1 Leitung: \u00a0\u00a0\u00a0 Frau Kr\u00fcp &nbsp; S\u00e4ngerinnen und S\u00e4nger aufgepasst!\u00a0 Musiker<a class=\"moretag\" href=\"https:\/\/max-emden.de\/wordpress\/singen-2\/\"> [&#8230;]<\/a><\/p>\n","protected":false},"author":19,"featured_media":0,"parent":0,"menu_order":0,"comment_status":"closed","ping_status":"closed","template":"","meta":{"footnotes":""},"class_list":["post-18255","page","type-page","status-publish","hentry"],"_links":{"self":[{"href":"https:\/\/max-emden.de\/wordpress\/wp-json\/wp\/v2\/pages\/18255","targetHints":{"allow":["GET"]}}],"collection":[{"href":"https:\/\/max-emden.de\/wordpress\/wp-json\/wp\/v2\/pages"}],"about":[{"href":"https:\/\/max-emden.de\/wordpress\/wp-json\/wp\/v2\/types\/page"}],"author":[{"embeddable":true,"href":"https:\/\/max-emden.de\/wordpress\/wp-json\/wp\/v2\/users\/19"}],"replies":[{"embeddable":true,"href":"https:\/\/max-emden.de\/wordpress\/wp-json\/wp\/v2\/comments?post=18255"}],"version-history":[{"count":4,"href":"https:\/\/max-emden.de\/wordpress\/wp-json\/wp\/v2\/pages\/18255\/revisions"}],"predecessor-version":[{"id":18262,"href":"https:\/\/max-emden.de\/wordpress\/wp-json\/wp\/v2\/pages\/18255\/revisions\/18262"}],"wp:attachment":[{"href":"https:\/\/max-emden.de\/wordpress\/wp-json\/wp\/v2\/media?parent=18255"}],"curies":[{"name":"wp","href":"https:\/\/api.w.org\/{rel}","templated":true}]}}