{"id":18270,"date":"2025-01-19T16:04:37","date_gmt":"2025-01-19T15:04:37","guid":{"rendered":"https:\/\/max-emden.de\/wordpress\/?page_id=18270"},"modified":"2025-08-12T18:57:31","modified_gmt":"2025-08-12T16:57:31","slug":"delf-ag-am-max","status":"publish","type":"page","link":"https:\/\/max-emden.de\/wordpress\/delf-ag-am-max\/","title":{"rendered":"DELF-AG am Max"},"content":{"rendered":"<p>Informationen zur DELF-AG am Max<\/p>\n<p><strong>Was?<\/strong><br \/>\nDas DELF (= Dipl\u00f4me d&#8217;Etudes en Langue Fran\u00e7aise) ist ein international anerkanntes, vom franz\u00f6sischen<br \/>\nStaat ausgestelltes Diplom, das demjenigen, der die entsprechende schriftliche und m\u00fcndliche Pr\u00fcfung<br \/>\nerfolgreich ablegt, seine Sprachkenntnisse im Franz\u00f6sischen bescheinigt. DELF-Pr\u00fcfungen gibt es auf<br \/>\nunterschiedlichen Niveaus (mit steigendem Schwierigkeitsgrad: A1, A2, B1, B2). Mit den Abschl\u00fcssen B1<br \/>\nund B2 kann man sich dann z.B. ohne Sprachtest an einer franz\u00f6sischsprachigen Universit\u00e4t einschreiben.<br \/>\nUnsere Schule bietet im Rahmen des Ganztags-Angebotes Vorbereitungskurse auf die DELF-Pr\u00fcfungen A1,<br \/>\nA2 und B1 und B2 an, diese Kurse werden durch den Franz\u00f6sischlehrer Severin Tillmann organisiert und<br \/>\ndurchgef\u00fchrt.<br \/>\nTrainiert werden das H\u00f6r- und Leseverstehen sowie m\u00fcndlicher und schriftlicher Ausdruck.<\/p>\n<p><strong>Wer?<\/strong><br \/>\nFranz\u00f6sisch-Lerner*innen ab Klasse 7.<\/p>\n<p><strong>Wo?<\/strong><br \/>\nIndividuelle online-Pr\u00fcfungsvorbereitung \u00fcber das ISERV-Aufgabenmodul und ISERV-Videokonferenzen.<\/p>\n<p><strong>Wann?<\/strong><br \/>\nJeder Teilnehmer\/jede Teilnehmerin arbeitet selbstst\u00e4ndig an den \u00dcbungsaufgaben und verabredet<br \/>\nindividuelle Termine f\u00fcr Videokonferenzen. Die n\u00e4chste DELF-Pr\u00fcfung findet Ende Januar<br \/>\n2026 statt, die online-Vorbereitung startet nach den Herbstferien. Wer Interesse an der Teilnahme hat, schicke mir bitte<br \/>\neine kurze Mail an <a href=\"mailto:severin.tillmann@max-emden.net\">severin.tillmann@max-emden.net<\/a> , dann melde ich mich kurz vor Beginn der<br \/>\nVorbereitung wieder<\/p>\n<p><strong>Kosten?<\/strong><br \/>\nPr\u00fcfungsgeb\u00fchr abh\u00e4ngig vom Schwierigkeitsgrad: A1 45,- \u20ac; A2 65,- \u20ac; B1 75,- \u20ac; B2 98,- \u20ac<br \/>\n\u00dcbungsheft von Klett: unterschiedliche Preise je Niveaustufe, ca. 13,- \u20ac pro Heft<\/p>\n<p><strong>Interessiert?<\/strong><br \/>\nMail schreiben an<br \/>\n<a href=\"mailto:severin.tillmann@max-emden.net\">Severin Tillmann<\/a><\/p>\n","protected":false},"excerpt":{"rendered":"<p>Informationen zur DELF-AG am Max Was? Das DELF (= Dipl\u00f4me d&#8217;Etudes en Langue Fran\u00e7aise) ist ein international anerkanntes, vom franz\u00f6sischen Staat ausgestelltes Diplom, das demjenigen,<a class=\"moretag\" href=\"https:\/\/max-emden.de\/wordpress\/delf-ag-am-max\/\"> [&#8230;]<\/a><\/p>\n","protected":false},"author":19,"featured_media":0,"parent":0,"menu_order":0,"comment_status":"closed","ping_status":"closed","template":"","meta":{"footnotes":""},"class_list":["post-18270","page","type-page","status-publish","hentry"],"_links":{"self":[{"href":"https:\/\/max-emden.de\/wordpress\/wp-json\/wp\/v2\/pages\/18270","targetHints":{"allow":["GET"]}}],"collection":[{"href":"https:\/\/max-emden.de\/wordpress\/wp-json\/wp\/v2\/pages"}],"about":[{"href":"https:\/\/max-emden.de\/wordpress\/wp-json\/wp\/v2\/types\/page"}],"author":[{"embeddable":true,"href":"https:\/\/max-emden.de\/wordpress\/wp-json\/wp\/v2\/users\/19"}],"replies":[{"embeddable":true,"href":"https:\/\/max-emden.de\/wordpress\/wp-json\/wp\/v2\/comments?post=18270"}],"version-history":[{"count":3,"href":"https:\/\/max-emden.de\/wordpress\/wp-json\/wp\/v2\/pages\/18270\/revisions"}],"predecessor-version":[{"id":20064,"href":"https:\/\/max-emden.de\/wordpress\/wp-json\/wp\/v2\/pages\/18270\/revisions\/20064"}],"wp:attachment":[{"href":"https:\/\/max-emden.de\/wordpress\/wp-json\/wp\/v2\/media?parent=18270"}],"curies":[{"name":"wp","href":"https:\/\/api.w.org\/{rel}","templated":true}]}}