{"id":18272,"date":"2025-01-19T16:07:35","date_gmt":"2025-01-19T15:07:35","guid":{"rendered":"https:\/\/max-emden.de\/wordpress\/?page_id=18272"},"modified":"2025-08-17T20:28:17","modified_gmt":"2025-08-17T18:28:17","slug":"latein-ag-3","status":"publish","type":"page","link":"https:\/\/max-emden.de\/wordpress\/latein-ag-3\/","title":{"rendered":"Latein-AG"},"content":{"rendered":"<p><strong>Latein \u2013 Wahlfrei<\/strong><\/p>\n<p>Mit diesem auf drei Schuljahre angelegten Kursus soll es den Sch\u00fclerinnen und Sch\u00fclern, die sich f\u00fcr Franz\u00f6sisch oder Spanisch als zweite Fremdsprache entschieden haben, erm\u00f6glicht werden, die Qualifikation des Kleinen Latinum zu erwerben.<\/p>\n<p>Es werden jeweils 2 Wochenstunden (also eine Doppelstunde) nachmittags nach Einigung auf einen passenden Termin pro Woche im Rahmen eines gek\u00fcrzten Unterrichts gegeben. Die K\u00fcrzung ist nicht so gravierend, da wir als kleine Gruppe intensiver arbeiten k\u00f6nnen.\u00a0 Es empfiehlt sich dringend, in Jahrgang 10 zu beginnen, damit der Abschluss nicht mit dem Abitur zusammenf\u00e4llt.<\/p>\n<p>Neben diesem formalen Aspekt soll aber auch die Freude an der gar nicht so \u201etoten\u201c Sprache Latein durch allerlei Lebendiges geweckt werden: Das Leben der Alten R\u00f6mer, kulturelle Bez\u00fcge der Antike zur Gegenwart, Auswirkungen der lateinischen Sprache auf unser Sprechen, Schreiben und Denken.<\/p>\n<p>&nbsp;<\/p>\n<p>Ich freue mich \u00fcber alle Sprachbegeisterten, die sich deswegen bei mir melden oder R\u00fcckfragen haben.<\/p>\n<p><strong>Qui coepit, dimidium facti habet!\u00a0<\/strong><\/p>\n<p><a href=\"mailto:martin.stenke@max-emden.net\"> Martin Stenke<\/a><\/p>\n","protected":false},"excerpt":{"rendered":"<p>Latein \u2013 Wahlfrei Mit diesem auf drei Schuljahre angelegten Kursus soll es den Sch\u00fclerinnen und Sch\u00fclern, die sich f\u00fcr Franz\u00f6sisch oder Spanisch als zweite Fremdsprache<a class=\"moretag\" href=\"https:\/\/max-emden.de\/wordpress\/latein-ag-3\/\"> [&#8230;]<\/a><\/p>\n","protected":false},"author":19,"featured_media":0,"parent":0,"menu_order":0,"comment_status":"closed","ping_status":"closed","template":"","meta":{"footnotes":""},"class_list":["post-18272","page","type-page","status-publish","hentry"],"_links":{"self":[{"href":"https:\/\/max-emden.de\/wordpress\/wp-json\/wp\/v2\/pages\/18272","targetHints":{"allow":["GET"]}}],"collection":[{"href":"https:\/\/max-emden.de\/wordpress\/wp-json\/wp\/v2\/pages"}],"about":[{"href":"https:\/\/max-emden.de\/wordpress\/wp-json\/wp\/v2\/types\/page"}],"author":[{"embeddable":true,"href":"https:\/\/max-emden.de\/wordpress\/wp-json\/wp\/v2\/users\/19"}],"replies":[{"embeddable":true,"href":"https:\/\/max-emden.de\/wordpress\/wp-json\/wp\/v2\/comments?post=18272"}],"version-history":[{"count":5,"href":"https:\/\/max-emden.de\/wordpress\/wp-json\/wp\/v2\/pages\/18272\/revisions"}],"predecessor-version":[{"id":20144,"href":"https:\/\/max-emden.de\/wordpress\/wp-json\/wp\/v2\/pages\/18272\/revisions\/20144"}],"wp:attachment":[{"href":"https:\/\/max-emden.de\/wordpress\/wp-json\/wp\/v2\/media?parent=18272"}],"curies":[{"name":"wp","href":"https:\/\/api.w.org\/{rel}","templated":true}]}}