{"id":2827,"date":"2016-08-26T15:57:46","date_gmt":"2016-08-26T15:57:46","guid":{"rendered":"http:\/\/max-emden.de\/wordpress\/?page_id=2827"},"modified":"2018-08-17T13:34:37","modified_gmt":"2018-08-17T13:34:37","slug":"latein-wahlfrei-ab-klasse-9","status":"publish","type":"page","link":"https:\/\/max-emden.de\/wordpress\/latein-wahlfrei-ab-klasse-9\/","title":{"rendered":"Latein-Wahlfrei (ab Klasse 9)"},"content":{"rendered":"<p class=\"Textbody\">Leitung: Herr Stenke<\/p>\n<p class=\"Textbody\">Mittwoch, 9\/10 Stunde, Raum 111<\/p>\n<p class=\"Textbody\">Mit diesem auf drei Schuljahre angelegten Kursus soll es den Sch\u00fclerinnen und Sch\u00fclern, die sich f\u00fcr Franz\u00f6sisch oder auch Spanisch als zweite Fremdsprache entschieden haben, erm\u00f6glicht werden, die Qualifikation des Kleinen Latinum zu erwerben. Besonders sind Sch\u00fclerinnen und Sch\u00fcler des 10. und 11. Jahrgangs angesprochen.<\/p>\n<p class=\"Textbody\">Es werden allerdings gek\u00fcrzt nur zwei Stunden pro Woche unterrichtet und zwei Klausuren pro Jahr geschrieben. Am Ende des Halbjahres wird \u2013 wie in anderen F\u00e4chern auch \u2013 eine Note stehen. Wegen der knappen Unterrichtszeit wird die Bereitschaft zur h\u00e4uslichen Mitarbeit vorausgesetzt.<\/p>\n<p class=\"Textbody\">Neben diesem formalen Aspekt soll aber auch die Freude an der gar nicht so \u201etoten\u201c Sprache Latein durch allerlei Lebendiges geweckt werden: Das Leben der Alten R\u00f6mer, kulturelle Bez\u00fcge der Antike zur Gegenwart, Auswirkungen der lateinischen Sprache auf unser Sprechen, Schreiben und Denken.<\/p>\n<p class=\"Textbody\">Ich freue mich \u00fcber alle Sprachbegeisterten, die mit dabei sind.<\/p>\n<p class=\"Textbody\">Interessierte Sch\u00fclerinnen und Sch\u00fcler k\u00f6nnen mich nat\u00fcrlich jederzeit ansprechen, um weitere Informationen zu bekommen oder Fragen zu stellen.<\/p>\n<p class=\"Textbody\">Qui coepit, dimidium facti habet!<\/p>\n<div class=\"page\" title=\"Page 4\">\n<div class=\"layoutArea\">\n<div class=\"column\">\n<p>&nbsp;<\/p>\n<\/div>\n<\/div>\n<\/div>\n","protected":false},"excerpt":{"rendered":"<p>Leitung: Herr Stenke Mittwoch, 9\/10 Stunde, Raum 111 Mit diesem auf drei Schuljahre angelegten Kursus soll es den Sch\u00fclerinnen und Sch\u00fclern, die sich f\u00fcr Franz\u00f6sisch<a class=\"moretag\" href=\"https:\/\/max-emden.de\/wordpress\/latein-wahlfrei-ab-klasse-9\/\"> [&#8230;]<\/a><\/p>\n","protected":false},"author":1,"featured_media":0,"parent":0,"menu_order":0,"comment_status":"closed","ping_status":"closed","template":"","meta":{"footnotes":""},"class_list":["post-2827","page","type-page","status-publish","hentry"],"_links":{"self":[{"href":"https:\/\/max-emden.de\/wordpress\/wp-json\/wp\/v2\/pages\/2827","targetHints":{"allow":["GET"]}}],"collection":[{"href":"https:\/\/max-emden.de\/wordpress\/wp-json\/wp\/v2\/pages"}],"about":[{"href":"https:\/\/max-emden.de\/wordpress\/wp-json\/wp\/v2\/types\/page"}],"author":[{"embeddable":true,"href":"https:\/\/max-emden.de\/wordpress\/wp-json\/wp\/v2\/users\/1"}],"replies":[{"embeddable":true,"href":"https:\/\/max-emden.de\/wordpress\/wp-json\/wp\/v2\/comments?post=2827"}],"version-history":[{"count":2,"href":"https:\/\/max-emden.de\/wordpress\/wp-json\/wp\/v2\/pages\/2827\/revisions"}],"predecessor-version":[{"id":6871,"href":"https:\/\/max-emden.de\/wordpress\/wp-json\/wp\/v2\/pages\/2827\/revisions\/6871"}],"wp:attachment":[{"href":"https:\/\/max-emden.de\/wordpress\/wp-json\/wp\/v2\/media?parent=2827"}],"curies":[{"name":"wp","href":"https:\/\/api.w.org\/{rel}","templated":true}]}}