{"id":2870,"date":"2016-08-26T21:20:53","date_gmt":"2016-08-26T21:20:53","guid":{"rendered":"http:\/\/max-emden.de\/wordpress\/?page_id=2870"},"modified":"2018-08-17T13:51:41","modified_gmt":"2018-08-17T13:51:41","slug":"theater-ag-unterstufe-klassen-5-7","status":"publish","type":"page","link":"https:\/\/max-emden.de\/wordpress\/theater-ag-unterstufe-klassen-5-7\/","title":{"rendered":"Theater-AG Klassen 5\/6"},"content":{"rendered":"<p>Zeit:\u00a0\u00a0\u00a0\u00a0\u00a0\u00a0 Montag, 7.\/8. Stunde<\/p>\n<p>Ort: \u00a0\u00a0\u00a0\u00a0\u00a0\u00a0\u00a0 R312 und\/oder Bewegungsraum<\/p>\n<p>Spa\u00df am Theaterspiel? Rollen zu \u00fcbernehmen?<\/p>\n<p>Gemeinsam arbeiten wir daran, den Raum, die Zeit und die Sprache f\u00fcr kleinere und gr\u00f6\u00dfere Theaterst\u00fccke zu nutzen. \u00dcber verschiedene Gef\u00fchlslagen erarbeiten wir uns die F\u00e4higkeit, Rollen \u00fcberzeugender spielen zu k\u00f6nnen. Am Ende der Probe soll eine Auff\u00fchrung stehen.<\/p>\n<p>Du solltest Spa\u00df am Theater spielen haben und offen f\u00fcr neue Erfahrungen sein! Und keine Angst, es wird nicht viel Text geben, den du auswendig lernen m\u00fcsstest. ?<\/p>\n","protected":false},"excerpt":{"rendered":"<p>Zeit:\u00a0\u00a0\u00a0\u00a0\u00a0\u00a0 Montag, 7.\/8. Stunde Ort: \u00a0\u00a0\u00a0\u00a0\u00a0\u00a0\u00a0 R312 und\/oder Bewegungsraum Spa\u00df am Theaterspiel? Rollen zu \u00fcbernehmen? Gemeinsam arbeiten wir daran, den Raum, die Zeit und die<a class=\"moretag\" href=\"https:\/\/max-emden.de\/wordpress\/theater-ag-unterstufe-klassen-5-7\/\"> [&#8230;]<\/a><\/p>\n","protected":false},"author":1,"featured_media":0,"parent":0,"menu_order":0,"comment_status":"closed","ping_status":"closed","template":"","meta":{"footnotes":""},"class_list":["post-2870","page","type-page","status-publish","hentry"],"_links":{"self":[{"href":"https:\/\/max-emden.de\/wordpress\/wp-json\/wp\/v2\/pages\/2870","targetHints":{"allow":["GET"]}}],"collection":[{"href":"https:\/\/max-emden.de\/wordpress\/wp-json\/wp\/v2\/pages"}],"about":[{"href":"https:\/\/max-emden.de\/wordpress\/wp-json\/wp\/v2\/types\/page"}],"author":[{"embeddable":true,"href":"https:\/\/max-emden.de\/wordpress\/wp-json\/wp\/v2\/users\/1"}],"replies":[{"embeddable":true,"href":"https:\/\/max-emden.de\/wordpress\/wp-json\/wp\/v2\/comments?post=2870"}],"version-history":[{"count":2,"href":"https:\/\/max-emden.de\/wordpress\/wp-json\/wp\/v2\/pages\/2870\/revisions"}],"predecessor-version":[{"id":6887,"href":"https:\/\/max-emden.de\/wordpress\/wp-json\/wp\/v2\/pages\/2870\/revisions\/6887"}],"wp:attachment":[{"href":"https:\/\/max-emden.de\/wordpress\/wp-json\/wp\/v2\/media?parent=2870"}],"curies":[{"name":"wp","href":"https:\/\/api.w.org\/{rel}","templated":true}]}}