{"id":2877,"date":"2016-08-26T21:27:34","date_gmt":"2016-08-26T21:27:34","guid":{"rendered":"http:\/\/max-emden.de\/wordpress\/?page_id=2877"},"modified":"2016-08-26T21:27:34","modified_gmt":"2016-08-26T21:27:34","slug":"presse-max-ag-alle-klassen","status":"publish","type":"page","link":"https:\/\/max-emden.de\/wordpress\/presse-max-ag-alle-klassen\/","title":{"rendered":"Presse-Max-AG (alle Klassen)"},"content":{"rendered":"<p>Leitung: Svenja Wagner<\/p>\n<div class=\"page\" title=\"Page 10\">\n<div class=\"layoutArea\">\n<div class=\"column\">\n<p>Der Presse-Max ist die neue Online-Sch\u00fclerzeitung unserer Schule. Wir berichten \u00fcber aktuelle Ereignisse der Schule, wichtige Informationen zum Max, Interviewen Lehrer und Sch\u00fcler und ver\u00f6ffentlichen das ganze auf der Seite www.pressemaxblog.wordpress.com. Aber auch andere, kreative Ideen sind jederzeit willkommen und ihr k\u00f6nnt \u00fcber alles schreiben, was euch interessiert.<\/p>\n<\/div>\n<\/div>\n<div class=\"layoutArea\">\n<div class=\"column\">\n<p>W\u00e4hrend unserer Treffen lernt ihr die Grundlagen des Journalismus, wie beispielsweise die Gesetzeslage: Was darf man ver\u00f6ffentlichen und was nicht?<br \/>\nUnd auch das journalistische Handwerk soll euch n\u00e4her gebracht werden: die unterschiedlichen Arten eines Artikels, der Aufbau eines Textes und Tipps f\u00fcr gute Fotos! Gelegentlich werden wir die Berichte, die ihr geschrieben habt, auch besprechen.<\/p>\n<\/div>\n<\/div>\n<div class=\"layoutArea\">\n<div class=\"column\">\n<p>Wenn euer Interesse geweckt ist, kommt am Montag, dem 29.08. in der gro\u00dfen Pause (um 1 Uhr) in die Mensa bei den Sofas, damit wir einen Wochentag ausmachen k\u00f6nnen, der allen am besten passt. (Das Treffen am Montag dauert nur ca. 10 Minuten. Die AG findet w\u00f6chentlichen oder alle zwei Wochen statt und dauert ca. 1 Std.) Auch nach Beginn der AG ist jeder Sch\u00fcler von Klasse 5 bis 12 jederzeit willkommen, Berichte zu schreiben und zu den Treffen zu kommen. Egal, ob ihr regelm\u00e4\u00dfig erscheint oder nur einmal im Monat. Hauptsache, ihr habt Spa\u00df am Schreiben.<\/p>\n<\/div>\n<\/div>\n<div class=\"layoutArea\">\n<div class=\"column\">\n<p>Falls ihr fragen habt, meldet euch bei mir per Iserv oder sprecht mich in der Schule an.<\/p>\n<\/div>\n<\/div>\n<\/div>\n","protected":false},"excerpt":{"rendered":"<p>Leitung: Svenja Wagner Der Presse-Max ist die neue Online-Sch\u00fclerzeitung unserer Schule. Wir berichten \u00fcber aktuelle Ereignisse der Schule, wichtige Informationen zum Max, Interviewen Lehrer und<a class=\"moretag\" href=\"https:\/\/max-emden.de\/wordpress\/presse-max-ag-alle-klassen\/\"> [&#8230;]<\/a><\/p>\n","protected":false},"author":1,"featured_media":0,"parent":0,"menu_order":0,"comment_status":"closed","ping_status":"closed","template":"","meta":{"footnotes":""},"class_list":["post-2877","page","type-page","status-publish","hentry"],"_links":{"self":[{"href":"https:\/\/max-emden.de\/wordpress\/wp-json\/wp\/v2\/pages\/2877","targetHints":{"allow":["GET"]}}],"collection":[{"href":"https:\/\/max-emden.de\/wordpress\/wp-json\/wp\/v2\/pages"}],"about":[{"href":"https:\/\/max-emden.de\/wordpress\/wp-json\/wp\/v2\/types\/page"}],"author":[{"embeddable":true,"href":"https:\/\/max-emden.de\/wordpress\/wp-json\/wp\/v2\/users\/1"}],"replies":[{"embeddable":true,"href":"https:\/\/max-emden.de\/wordpress\/wp-json\/wp\/v2\/comments?post=2877"}],"version-history":[{"count":1,"href":"https:\/\/max-emden.de\/wordpress\/wp-json\/wp\/v2\/pages\/2877\/revisions"}],"predecessor-version":[{"id":2878,"href":"https:\/\/max-emden.de\/wordpress\/wp-json\/wp\/v2\/pages\/2877\/revisions\/2878"}],"wp:attachment":[{"href":"https:\/\/max-emden.de\/wordpress\/wp-json\/wp\/v2\/media?parent=2877"}],"curies":[{"name":"wp","href":"https:\/\/api.w.org\/{rel}","templated":true}]}}