{"id":3935,"date":"2017-02-05T11:03:26","date_gmt":"2017-02-05T11:03:26","guid":{"rendered":"http:\/\/max-emden.de\/wordpress\/?page_id=3935"},"modified":"2018-10-14T08:40:21","modified_gmt":"2018-10-14T08:40:21","slug":"2017-2","status":"publish","type":"page","link":"https:\/\/max-emden.de\/wordpress\/2017-2\/","title":{"rendered":"2017"},"content":{"rendered":"<p>EZ, 23.12.2017: <a href=\"https:\/\/max-emden.de\/wordpress\/wp-content\/uploads\/2018\/10\/ez2312Polen.jpg\" target=\"_blank\" rel=\"noopener\">Mit 15 Rollplakaten nach Lodz<\/a><\/p>\n<p>EZ, 22.12.2017: <a href=\"https:\/\/max-emden.de\/wordpress\/wp-content\/uploads\/2018\/10\/ez2212BB.jpg\" target=\"_blank\" rel=\"noopener\">&#8222;Max&#8220; mit einem Dreier<\/a><\/p>\n<p>EZ, 13.12.2017: <a href=\"https:\/\/max-emden.de\/wordpress\/wp-content\/uploads\/2018\/10\/ez1312Drabo_HH.jpg\" target=\"_blank\" rel=\"noopener\">Winterliche Drachenboot-Regatta<\/a><\/p>\n<p>EZ, 13.12.2017: <a href=\"https:\/\/max-emden.de\/wordpress\/wp-content\/uploads\/2018\/10\/ez1312DraboHH.jpg\" target=\"_blank\" rel=\"noopener\">Hartgesottene Wassersportler<\/a><\/p>\n<p>EZ, 09.12.2017: <a href=\"https:\/\/max-emden.de\/wordpress\/wp-content\/uploads\/2018\/10\/ez0912Stra\u00dfenkind.jpg\" target=\"_blank\" rel=\"noopener\">Stra\u00dfenkinder f\u00fcr einen Tag &#8211; Max-Sch\u00fcler erinnern an Weltkinderrechtstag<\/a><\/p>\n<p>EZ, 07.12.2017: <a href=\"https:\/\/max-emden.de\/wordpress\/wp-content\/uploads\/2018\/10\/ez0712Medienscouts.jpg\" target=\"_blank\" rel=\"noopener\">Projekt Medienscouts<\/a><\/p>\n<p>EZ, 01.12.2017: <a href=\"https:\/\/max-emden.de\/wordpress\/wp-content\/uploads\/2018\/10\/ez0112CAP_Kinder.jpg\" target=\"_blank\" rel=\"noopener\">Jetzt das Klima retten<\/a><\/p>\n<p>EZ, 01.12.2017: <a href=\"https:\/\/max-emden.de\/wordpress\/wp-content\/uploads\/2018\/10\/ez0112Flohmarkt.jpg\" target=\"_blank\" rel=\"noopener\">Flohmarkt f\u00fcr den guten Zweck<\/a><\/p>\n<p>EZ, 01.12.2017: <a href=\"https:\/\/max-emden.de\/wordpress\/wp-content\/uploads\/2018\/10\/ez0112CAP.jpg\" target=\"_blank\" rel=\"noopener\">Aktiv bis nach Maputo<\/a><\/p>\n<p>EZ, 23.11.2017: <a href=\"https:\/\/max-emden.de\/wordpress\/wp-content\/uploads\/2018\/10\/ez2311Solar.jpg\" target=\"_blank\" rel=\"noopener\">Emder\u00a0siegten beim\u00a0SolarCup<\/a><\/p>\n<p>EZ, 13.11.2017:\u00a0<a href=\"https:\/\/max-emden.de\/wordpress\/wp-content\/uploads\/2018\/02\/ez1311Werder.jpg\" target=\"_blank\" rel=\"noopener\">Max-Windm\u00fcller-Gymnasium beim Werder-Heimspiel<\/a><\/p>\n<p>EZ, 10.11.2017:\u00a0<a href=\"https:\/\/max-emden.de\/wordpress\/wp-content\/uploads\/2018\/02\/ez1011EB.jpg\" target=\"_blank\" rel=\"noopener\">Mit Hip-Hop\u00a0gegen Rechts<\/a><\/p>\n<p>EZ, 10.11.2017: <a href=\"https:\/\/max-emden.de\/wordpress\/wp-content\/uploads\/2018\/02\/ez1011EngagierteReden.jpg\" target=\"_blank\" rel=\"noopener\">Engagierte Reden,\u00a0bewegende Worte<\/a><\/p>\n<p>EZ, 25.10.2017:\u00a0<a href=\"https:\/\/max-emden.de\/wordpress\/wp-content\/uploads\/2018\/02\/ez2510Fu\u00dfball.jpg\" target=\"_blank\" rel=\"noopener\">Max-Fu\u00dfballer holen Platz zwei<\/a><\/p>\n<p>EZ, 18.10.2017:\u00a0<a href=\"https:\/\/max-emden.de\/wordpress\/wp-content\/uploads\/2018\/02\/ez1810JubilBrand.jpg\" target=\"_blank\" rel=\"noopener\">Herzlichen Gl\u00fcckwunsch!<\/a><\/p>\n<p>EZ, 10.10.2017:\u00a0<a href=\"https:\/\/max-emden.de\/wordpress\/wp-content\/uploads\/2018\/02\/ez1010GallimarktRega.jpg\" target=\"_blank\" rel=\"noopener\">Schnelle Runden gedreht<\/a><\/p>\n<p>EZ, 02.10.2017:\u00a0<a href=\"https:\/\/max-emden.de\/wordpress\/wp-content\/uploads\/2018\/02\/ez0210SegelAG.jpg\" target=\"_blank\" rel=\"noopener\">Auch die letzte Regatte zum Drei-Meere-Cup ist nun gesegelt<\/a><\/p>\n<p>NOZ, 26.09.2017:\u00a0<a href=\"https:\/\/max-emden.de\/wordpress\/wp-content\/uploads\/2017\/09\/noz2609Plastik.jpg\" target=\"_blank\" rel=\"noopener\">Wider die Wegwerfmentalit\u00e4t<\/a><\/p>\n<p>EZ, 25.09.2017:\u00a0<a href=\"https:\/\/max-emden.de\/wordpress\/wp-content\/uploads\/2018\/02\/ez2509Solar.jpg\" target=\"_blank\" rel=\"noopener\">Siege f\u00fcr Emder Solart\u00fcftler<\/a><\/p>\n<p>EZ, 25.09.2017:\u00a0<a href=\"https:\/\/max-emden.de\/wordpress\/wp-content\/uploads\/2018\/02\/ez2509EmdenRund.jpg\" target=\"_blank\" rel=\"noopener\">\u201eEmden Rund\u201d ist ein dickes Pfund<\/a><\/p>\n<p>EZ, 22.09.2017: <a href=\"https:\/\/max-emden.de\/wordpress\/wp-content\/uploads\/2018\/02\/ez2209Israel.jpg\" target=\"_blank\" rel=\"noopener\">Sch\u00fcler der Emder BBS II und vom \u201eMax\u201d in Israel<\/a><\/p>\n<p>EZ, 13.09.2017: <a href=\"https:\/\/max-emden.de\/wordpress\/wp-content\/uploads\/2017\/11\/ez1309Doppelfeier.jpg\" target=\"_blank\" rel=\"noopener\">Klangvolle Doppelfeier<\/a><\/p>\n<p>EZ, 13.09.2017: <a href=\"https:\/\/max-emden.de\/wordpress\/wp-content\/uploads\/2017\/11\/ez1309UPS.jpg\" target=\"_blank\" rel=\"noopener\">Eingeweiht f\u00fcr\u00a0Pauken und Trompeten<\/a><\/p>\n<p>OZ, 13.09.2017: <a href=\"https:\/\/max-emden.de\/wordpress\/wp-content\/uploads\/2017\/09\/ozWhatsApp.jpg\" target=\"_blank\" rel=\"noopener\">Die Distanz zu den Kandidaten schrumpft<\/a><\/p>\n<p>EZ, 17.08.2017: <a href=\"https:\/\/max-emden.de\/wordpress\/wp-content\/uploads\/2017\/11\/ez1708Sandra.jpg\" target=\"_blank\" rel=\"noopener\">F\u00fcr Landessieg geehrt<\/a><\/p>\n<p>EZ, 17.08.2017: <a href=\"https:\/\/max-emden.de\/wordpress\/wp-content\/uploads\/2017\/11\/ez1708Tristan.jpg\" target=\"_blank\" rel=\"noopener\">&#8222;Jo&#8220;<\/a><\/p>\n<p>EZ, 14.08.2017: <a href=\"https:\/\/max-emden.de\/wordpress\/wp-content\/uploads\/2017\/08\/ez1408Lampedusa.jpg\" target=\"_blank\" rel=\"noopener\">Bedr\u00fcckendes Fl\u00fcchtlingsdrama vor maritimer Kulisse<\/a><\/p>\n<p>EZ, 12.08.2017: <a href=\"https:\/\/max-emden.de\/wordpress\/wp-content\/uploads\/2017\/08\/ez1208Lampedusa.jpg\" target=\"_blank\" rel=\"noopener\">Kunstprojekt soll\u00a0Emder aufr\u00fctteln<\/a><\/p>\n<p>EZ, 04.07.2017: <a href=\"https:\/\/max-emden.de\/wordpress\/wp-content\/uploads\/2017\/08\/ez0407Wattenmmeer.jpg\" target=\"_blank\" rel=\"noopener\">Max kooperiert mit Nationalparkhaus<\/a><\/p>\n<p>EZ, 04.07.2017: <a href=\"https:\/\/max-emden.de\/wordpress\/wp-content\/uploads\/2017\/08\/ez0407Sporttag.jpg\" target=\"_blank\" rel=\"noopener\">Viel Freude beim\u00a0Sporttag am \u201eMax\u201d<\/a><\/p>\n<p>EZ, 26.06.2017: <a href=\"https:\/\/max-emden.de\/wordpress\/wp-content\/uploads\/2017\/08\/ez2606EWERowing.jpg\" target=\"_blank\" rel=\"noopener\">Alle Titel nach Emden<\/a><\/p>\n<p>EZ, 26.06.2017: <a href=\"https:\/\/max-emden.de\/wordpress\/wp-content\/uploads\/2017\/08\/ez2606Fuba.jpg\" target=\"_blank\" rel=\"noopener\">Sch\u00fcler schlagen ihre Lehrer 4:2<\/a><\/p>\n<p>EZ, 20.06.2017: <a href=\"https:\/\/max-emden.de\/wordpress\/wp-content\/uploads\/2017\/08\/ez2006DraBo.jpg\" target=\"_blank\" rel=\"noopener\">Nasses Vergn\u00fcgen auf dem Larrelter Tief<\/a><\/p>\n<p>EZ, 17.06.2017: <a href=\"https:\/\/max-emden.de\/wordpress\/wp-content\/uploads\/2017\/08\/ez1706Lebenistwunderbar.jpg\" target=\"_blank\" rel=\"noopener\">Leben ist wunderbar<\/a><\/p>\n<p>EZ, 15.06.2017: <a href=\"https:\/\/max-emden.de\/wordpress\/wp-content\/uploads\/2017\/08\/ez1506Abitur.jpg\" target=\"_blank\" rel=\"noopener\">62 Sch\u00fcler bestanden Abiturpr\u00fcfung am Max<\/a><\/p>\n<p>EZ, 12.06.2017: <a href=\"https:\/\/max-emden.de\/wordpress\/wp-content\/uploads\/2017\/08\/ez1206Stolpersteine.jpg\" target=\"_blank\" rel=\"noopener\">25 Namen, 25 Schicksale<\/a><\/p>\n<p>EZ, 10.06.2017: <a href=\"https:\/\/max-emden.de\/wordpress\/wp-content\/uploads\/2017\/08\/ez1006Sandra_Reformation.jpg\" target=\"_blank\" rel=\"noopener\">Reformation statt Abendbrot<\/a><\/p>\n<p>EZ, 03.06.2017: <a href=\"https:\/\/max-emden.de\/wordpress\/wp-content\/uploads\/2017\/08\/ez0306Apartheid.jpg\" target=\"_blank\" rel=\"noopener\">Abend \u00fcber Apartheid<\/a><\/p>\n<p>EZ, 02.06.2017: <a href=\"https:\/\/max-emden.de\/wordpress\/wp-content\/uploads\/2017\/08\/ez0206Segel.jpg\" target=\"_blank\" rel=\"noopener\">\u201eFreundschaft\u201c auf dem Uphuser Meer<\/a><\/p>\n<p>EZ, 22.05.2017: <a href=\"https:\/\/max-emden.de\/wordpress\/wp-content\/uploads\/2017\/07\/ez2205Solar.jpg\" target=\"_blank\" rel=\"noopener\">In sechs Sekunden zum Sieg<\/a><\/p>\n<p>EZ, 20.05.2017: <a href=\"https:\/\/max-emden.de\/wordpress\/wp-content\/uploads\/2017\/07\/ez2005Jaenicke.jpg\" target=\"_blank\" rel=\"noopener\">Kaffee aus dem Weinglas<\/a><\/p>\n<p>EZ, 20.05.2017: <a href=\"https:\/\/max-emden.de\/wordpress\/wp-content\/uploads\/2017\/07\/ez2005Sportabzeichen.jpg\" target=\"_blank\" rel=\"noopener\">1760 Sch\u00fcler holten Sportabzeichen<\/a><\/p>\n<p>EZ, 17.05.2017:\u00a0<a href=\"https:\/\/max-emden.de\/wordpress\/wp-content\/uploads\/2017\/06\/ez1705Fu\u00dfball.jpg\" target=\"_blank\" rel=\"noopener noreferrer\">Zwei Emder Teams im Bezirksentscheid<\/a><\/p>\n<p>EZ, 12.05.2017: <a href=\"https:\/\/max-emden.de\/wordpress\/wp-content\/uploads\/2017\/07\/ez1205SpringenundSprinten.jpg\" target=\"_blank\" rel=\"noopener\">Sprinten und springen f\u00fcr Olympia<\/a><\/p>\n<p>EZ, 06.05.2017: <a href=\"https:\/\/max-emden.de\/wordpress\/wp-content\/uploads\/2017\/07\/ez0605Frankreich.jpg\" target=\"_blank\" rel=\"noopener\">Neuer Austausch mit franz\u00f6sischem Internat &#8211; \u201eMax\u201d erhielt erstmals Besuch aus der Normandie<\/a><\/p>\n<p>EZ, 06.05.2017: <a href=\"https:\/\/max-emden.de\/wordpress\/wp-content\/uploads\/2017\/07\/ez0605F\u00f6rderverein.jpg\" target=\"_blank\" rel=\"noopener\">Ehrenamtlicher Einsatz honoriert<\/a><\/p>\n<p>EZ, 06.05.2017: <a href=\"https:\/\/max-emden.de\/wordpress\/wp-content\/uploads\/2017\/07\/ez0605Musik.jpg\" target=\"_blank\" rel=\"noopener\">Jetzt wird hier die Musik gemacht<\/a><\/p>\n<p>OZ, 05.05.2017:\u00a0<a href=\"https:\/\/max-emden.de\/wordpress\/wp-content\/uploads\/2017\/05\/oz0505YadVashem2.jpg\" target=\"_blank\" rel=\"noopener noreferrer\">Emder sind\u00a0Partner von\u00a0Yad Vashem<\/a><\/p>\n<p>EZ, 05.05.2017: <a href=\"https:\/\/max-emden.de\/wordpress\/wp-content\/uploads\/2017\/07\/ez0505YVKommentar.jpg\" target=\"_blank\" rel=\"noopener\">Waffe Wissen<\/a><\/p>\n<p>EZ, 05.05.2017:\u00a0<a href=\"https:\/\/max-emden.de\/wordpress\/wp-content\/uploads\/2017\/07\/ez0505YV.jpg\" target=\"_blank\" rel=\"noopener\">Holocaust im Sch\u00fclerfokus<\/a><\/p>\n<p>EZ, 05.05.2017: <a href=\"https:\/\/max-emden.de\/wordpress\/wp-content\/uploads\/2017\/07\/ez0505YV2.jpg\" target=\"_blank\" rel=\"noopener\">Vertrag geschlossen<\/a><\/p>\n<p>OZ, 05.05.2017:\u00a0<a href=\"https:\/\/max-emden.de\/wordpress\/wp-content\/uploads\/2017\/05\/oz0505YadVashem.jpg\" target=\"_blank\" rel=\"noopener noreferrer\">Eine neue Kooperation gegen das Vergessen<\/a><\/p>\n<p>EZ, 02.05.2017: <a href=\"https:\/\/max-emden.de\/wordpress\/wp-content\/uploads\/2017\/07\/ez0205Segeln.jpg\" target=\"_blank\" rel=\"noopener\">Junge Segler starten in die Saison<\/a><\/p>\n<p>EZ, 02.05.2017: <a href=\"https:\/\/max-emden.de\/wordpress\/wp-content\/uploads\/2017\/07\/ez0205Pi.jpg\" target=\"_blank\" rel=\"noopener\">Rekord des Lehrmeisters geknackt<\/a><\/p>\n<p>EZ, 22.04.2017: <a href=\"https:\/\/max-emden.de\/wordpress\/wp-content\/uploads\/2017\/07\/ez2204Haugesund.jpg\" target=\"_blank\" rel=\"noopener\">Haugesunder waren zum Austausch am Max in der Partnerstadt Emden<\/a><\/p>\n<p>EZ, 18.04.2017: <a href=\"https:\/\/max-emden.de\/wordpress\/wp-content\/uploads\/2017\/07\/ez1804MusikTeppich.jpg\" target=\"_blank\" rel=\"noopener\">Entspannter Endspurt mit Kugelgarn<\/a><\/p>\n<p>EZ, 12.04.2017:\u00a0<a href=\"https:\/\/max-emden.de\/wordpress\/wp-content\/uploads\/2017\/07\/ez1204Jaenicke.jpg\" target=\"_blank\" rel=\"noopener\">Hannes Jaenicke auf Heldensuche<\/a><\/p>\n<p>EZ, 08.04.2017: <a href=\"https:\/\/max-emden.de\/wordpress\/wp-content\/uploads\/2017\/07\/ez0804EWE.jpg\" target=\"_blank\" rel=\"noopener\">Regattastrecke Max-Halle<\/a><\/p>\n<p>EZ, 06.04.2017: <a href=\"https:\/\/max-emden.de\/wordpress\/wp-content\/uploads\/2017\/07\/ez0604Ergo.jpg\" target=\"_blank\" rel=\"noopener\">Rennstrecke\u00a0Pausenhalle<\/a><\/p>\n<p>EZ, 31.03.2017: <a href=\"https:\/\/max-emden.de\/wordpress\/wp-content\/uploads\/2017\/04\/ez3103Fluchtgedanken.jpg\" target=\"_blank\" rel=\"noopener noreferrer\">Fluchtgedanken<\/a><\/p>\n<p>OK, 18.03.2017:\u00a0<a href=\"https:\/\/max-emden.de\/wordpress\/wp-content\/uploads\/2017\/03\/ok1803Theater.jpg\" target=\"_blank\" rel=\"noopener noreferrer\">Tausende Kinder vor Naziregime gerettet<\/a><\/p>\n<p>EZ, 18.03.2017:\u00a0<a href=\"https:\/\/max-emden.de\/wordpress\/wp-content\/uploads\/2017\/03\/ez1803Turnen.jpg\" target=\"_blank\" rel=\"noopener noreferrer\">F\u00fcr ETV, MAX, Olympia<\/a><\/p>\n<p>EZ, 18.03.2017:\u00a0<a href=\"https:\/\/max-emden.de\/wordpress\/wp-content\/uploads\/2017\/03\/ez1803Pi.jpg\" target=\"_blank\" rel=\"noopener noreferrer\">Jetzt doch Pi &#8211;\u00a0Wettbewerb erstmals am \u201eMax\u201d<\/a><\/p>\n<p>EZ, 07.03.3017: <a href=\"https:\/\/max-emden.de\/wordpress\/wp-content\/uploads\/2017\/07\/ez0703RedHandDay.jpg\" target=\"_blank\" rel=\"noopener\">Aktion am Emder Max zum \u201eRed Hand Day\u201d<\/a><\/p>\n<p>EZ, 04.03.2017:\u00a0<a href=\"https:\/\/max-emden.de\/wordpress\/wp-content\/uploads\/2017\/03\/ez0403PraktikumWarschau.jpg\" target=\"_blank\" rel=\"noopener noreferrer\">Einblicke bei VW in Emden<\/a><\/p>\n<p>EZ, 04.03.3017:\u00a0<a href=\"https:\/\/max-emden.de\/wordpress\/wp-content\/uploads\/2017\/03\/ez0403Eiszeit.jpg\" target=\"_blank\" rel=\"noopener noreferrer\">Max goes Eiszeit &#8211; Sportunterricht auf der Eisbahn<\/a><\/p>\n<p>EZ, 03.03.2017:\u00a0<a href=\"https:\/\/max-emden.de\/wordpress\/wp-content\/uploads\/2017\/03\/ez0303Sportabzeichen.jpg\" target=\"_blank\" rel=\"noopener noreferrer\">Neuer Sportabzeichen-Rekord am Max<\/a><\/p>\n<p>OZ, 21.02.2017:\u00a0<a href=\"https:\/\/max-emden.de\/wordpress\/wp-content\/uploads\/2017\/02\/oz2102Turnen.jpg\" target=\"_blank\" rel=\"noopener noreferrer\">Gelungenes Comeback nach 20 Jahren<\/a><\/p>\n<p>OZ, 11.02.2017:\u00a0<a href=\"https:\/\/max-emden.de\/wordpress\/wp-content\/uploads\/2017\/02\/oz1102Jufo.jpg\" target=\"_blank\" rel=\"noopener noreferrer\">Junge Wissenschaftler geehr<\/a>t<\/p>\n<p>EZ, 10.02.2017:\u00a0<a href=\"https:\/\/max-emden.de\/wordpress\/wp-content\/uploads\/2017\/02\/ez1002Jufo.jpg\" target=\"_blank\" rel=\"noopener noreferrer\">Chemiebaukasten der Marke Eigenbau<\/a><\/p>\n<p>EZ, 10.02.2017:\u00a0<a href=\"https:\/\/max-emden.de\/wordpress\/wp-content\/uploads\/2017\/02\/ez1002SportKaribik.jpg\" target=\"_blank\" rel=\"noopener noreferrer\">Verleihung in die Karibik verlegt<\/a><\/p>\n<p>EZ, 04.02.2017:\u00a0<a href=\"https:\/\/max-emden.de\/wordpress\/wp-content\/uploads\/2017\/02\/ez0402Workshop.jpg\" target=\"_blank\" rel=\"noopener noreferrer\">Jugenddelegierte am Max-Windm\u00fcller-Gymnasium zu Gast<\/a><\/p>\n<p>EZ, 02.02.2017:\u00a0<a href=\"https:\/\/max-emden.de\/wordpress\/wp-content\/uploads\/2017\/02\/ez0202Jufo.jpg\" target=\"_blank\" rel=\"noopener noreferrer\">Die T\u00fcftler sind startklar<\/a><\/p>\n<p>OZ, 26.01.2017:\u00a0<a href=\"https:\/\/max-emden.de\/wordpress\/wp-content\/uploads\/2017\/02\/oz2601SDGWorkshop.jpg\" target=\"_blank\" rel=\"noopener noreferrer\">Besuch aus exotischen L\u00e4ndern im \u201eMax\u201c<\/a><\/p>\n<p>EZ, 23.01.2017:\u00a0<a href=\"https:\/\/max-emden.de\/wordpress\/wp-content\/uploads\/2017\/02\/ez2301Handball.jpg\" target=\"_blank\" rel=\"noopener noreferrer\">Emder Gymnasien gut im Handball<\/a><\/p>\n<p>EZ, 21.01.2017: <a href=\"https:\/\/max-emden.de\/wordpress\/wp-content\/uploads\/2017\/02\/ez2101WaffelnSpende.jpg\" target=\"_blank\" rel=\"noopener noreferrer\">Gymnasiasten verkauften Waffeln und spendeten Erl\u00f6s<\/a><\/p>\n<p>OZ, 20.01.2017:\u00a0<a href=\"https:\/\/max-emden.de\/wordpress\/wp-content\/uploads\/2017\/02\/oz2001SixDays.jpg\" target=\"_blank\" rel=\"noopener noreferrer\">Emder schnupperten bei Bremer Sixdays rein<\/a><\/p>\n<p>OZ, 06.01.2017:\u00a0<a href=\"https:\/\/max-emden.de\/wordpress\/wp-content\/uploads\/2017\/02\/oz06Yougend.jpg\" target=\"_blank\" rel=\"noopener noreferrer\">\u201eYougend Integrate\u201c feiert Geburtstag mit Sportstunde<\/a><\/p>\n","protected":false},"excerpt":{"rendered":"<p>EZ, 23.12.2017: Mit 15 Rollplakaten nach Lodz EZ, 22.12.2017: &#8222;Max&#8220; mit einem Dreier EZ, 13.12.2017: Winterliche Drachenboot-Regatta EZ, 13.12.2017: Hartgesottene Wassersportler EZ, 09.12.2017: Stra\u00dfenkinder f\u00fcr<a class=\"moretag\" href=\"https:\/\/max-emden.de\/wordpress\/2017-2\/\"> [&#8230;]<\/a><\/p>\n","protected":false},"author":1,"featured_media":0,"parent":0,"menu_order":0,"comment_status":"closed","ping_status":"closed","template":"","meta":{"footnotes":""},"class_list":["post-3935","page","type-page","status-publish","hentry"],"_links":{"self":[{"href":"https:\/\/max-emden.de\/wordpress\/wp-json\/wp\/v2\/pages\/3935","targetHints":{"allow":["GET"]}}],"collection":[{"href":"https:\/\/max-emden.de\/wordpress\/wp-json\/wp\/v2\/pages"}],"about":[{"href":"https:\/\/max-emden.de\/wordpress\/wp-json\/wp\/v2\/types\/page"}],"author":[{"embeddable":true,"href":"https:\/\/max-emden.de\/wordpress\/wp-json\/wp\/v2\/users\/1"}],"replies":[{"embeddable":true,"href":"https:\/\/max-emden.de\/wordpress\/wp-json\/wp\/v2\/comments?post=3935"}],"version-history":[{"count":81,"href":"https:\/\/max-emden.de\/wordpress\/wp-json\/wp\/v2\/pages\/3935\/revisions"}],"predecessor-version":[{"id":7126,"href":"https:\/\/max-emden.de\/wordpress\/wp-json\/wp\/v2\/pages\/3935\/revisions\/7126"}],"wp:attachment":[{"href":"https:\/\/max-emden.de\/wordpress\/wp-json\/wp\/v2\/media?parent=3935"}],"curies":[{"name":"wp","href":"https:\/\/api.w.org\/{rel}","templated":true}]}}