{"id":6860,"date":"2018-08-17T13:23:37","date_gmt":"2018-08-17T13:23:37","guid":{"rendered":"http:\/\/max-emden.de\/wordpress\/?page_id=6860"},"modified":"2018-08-17T13:23:37","modified_gmt":"2018-08-17T13:23:37","slug":"foto-ag","status":"publish","type":"page","link":"https:\/\/max-emden.de\/wordpress\/foto-ag\/","title":{"rendered":"Foto-AG"},"content":{"rendered":"<p>Klassen 7-12<\/p>\n<p>Donnerstags 7.\/8. Stunde \u2013 alle zwei Wochen<\/p>\n<p>Raum 208<\/p>\n<p>In der Foto-AG lernen fotointeressierte Sch\u00fclerinnen und Sch\u00fcler ihre Kameras und die Grundlagen der Digitalfotografie kennen, um das Gelernte dann in Workshops und Projekten, ggf. sogar Exkursionen selbst anzuwenden. Die dabei entstandenen Fotos werden innerhalb der AG pr\u00e4sentiert und besprochen, denn man lernt am meisten aus konstruktiver Kritik. Besonders gelungene Aufnahmen k\u00f6nnten dar\u00fcber hinaus auf einem eigenen Foto-Blog der AG, auf der Max-Homepage, im Jahrbuch oder am Tag der offenen T\u00fcr ausgestellt werden. Auch die Teilnahme an Sch\u00fclerfotowettbewerben ist denkbar.<\/p>\n<p>Im Rahmen der AG besch\u00e4ftigen wir uns unter anderem mit<\/p>\n<ul>\n<li>Bildkomposition,<\/li>\n<li>Landschafts-, Sport-, Makro- und Portr\u00e4tfotografie,<\/li>\n<li>Langzeitbelichtung, z.B. zur \u201eBlauen Stunde\u201c und<\/li>\n<li>digitaler Bildbearbeitung.<\/li>\n<\/ul>\n<p>Wer an der AG teilnehmen m\u00f6chte, sollte nach M\u00f6glichkeit eine eigene Digitalkamera mitbringen k\u00f6nnen.<\/p>\n<p>&nbsp;<\/p>\n<p>&nbsp;<\/p>\n","protected":false},"excerpt":{"rendered":"<p>Klassen 7-12 Donnerstags 7.\/8. Stunde \u2013 alle zwei Wochen Raum 208 In der Foto-AG lernen fotointeressierte Sch\u00fclerinnen und Sch\u00fcler ihre Kameras und die Grundlagen der<a class=\"moretag\" href=\"https:\/\/max-emden.de\/wordpress\/foto-ag\/\"> [&#8230;]<\/a><\/p>\n","protected":false},"author":1,"featured_media":0,"parent":0,"menu_order":0,"comment_status":"closed","ping_status":"closed","template":"","meta":{"footnotes":""},"class_list":["post-6860","page","type-page","status-publish","hentry"],"_links":{"self":[{"href":"https:\/\/max-emden.de\/wordpress\/wp-json\/wp\/v2\/pages\/6860","targetHints":{"allow":["GET"]}}],"collection":[{"href":"https:\/\/max-emden.de\/wordpress\/wp-json\/wp\/v2\/pages"}],"about":[{"href":"https:\/\/max-emden.de\/wordpress\/wp-json\/wp\/v2\/types\/page"}],"author":[{"embeddable":true,"href":"https:\/\/max-emden.de\/wordpress\/wp-json\/wp\/v2\/users\/1"}],"replies":[{"embeddable":true,"href":"https:\/\/max-emden.de\/wordpress\/wp-json\/wp\/v2\/comments?post=6860"}],"version-history":[{"count":1,"href":"https:\/\/max-emden.de\/wordpress\/wp-json\/wp\/v2\/pages\/6860\/revisions"}],"predecessor-version":[{"id":6861,"href":"https:\/\/max-emden.de\/wordpress\/wp-json\/wp\/v2\/pages\/6860\/revisions\/6861"}],"wp:attachment":[{"href":"https:\/\/max-emden.de\/wordpress\/wp-json\/wp\/v2\/media?parent=6860"}],"curies":[{"name":"wp","href":"https:\/\/api.w.org\/{rel}","templated":true}]}}