{"id":819,"date":"2015-07-26T14:51:08","date_gmt":"2015-07-26T14:51:08","guid":{"rendered":"http:\/\/max-emden.de\/wordpress\/?page_id=819"},"modified":"2025-02-13T20:51:03","modified_gmt":"2025-02-13T19:51:03","slug":"studien-und-berufsorientierung-fuer-die-jahrgaenge-11-und-12","status":"publish","type":"page","link":"https:\/\/max-emden.de\/wordpress\/studien-und-berufsorientierung-fuer-die-jahrgaenge-11-und-12\/","title":{"rendered":"Berufliche Orientierung am MAX"},"content":{"rendered":"<p>Die Berufliche Orientierung am Max-Windm\u00fcller-Gymnasium wird als gesamtschulische Aufgabe begriffen. Jede Lehrerin und jeder Lehrer ist sich bewusst, dass jedes Fach inhaltlich und methodisch den Weg jedes jungen Menschen beeinflusst. Die unten aufgef\u00fchrten Ma\u00dfnahmen werden vom Koordinator f\u00fcr Berufliche Orientierung \u00fcberwiegend organisiert und supervidiert. Ziel ist es, unseren Sch\u00fclerInnen den \u00dcbergang von der Schule ins Berufsleben zu erleichtern und m\u00f6gliche Irrwege zu vermeiden. Dabei werden Interessen und F\u00e4higkeiten des Einzelnen\/der Einzelnen erhoben und abgeglichen.<\/p>\n<p>Auf der Basis des individuellen ISERV-Zugangs dokumentieren die Sch\u00fclerInnen ihre Erfahrungen und Belege der Ma\u00dfnahmen digital. Damit k\u00f6nnen sie auch noch nach dem Abitur auf Bewerbungsschreiben, Urkunden und Erfahrungsberichte zugreifen, um Beratungsgespr\u00e4che und berufliche Entscheidungen zu fundieren.<\/p>\n<p>Die Berufliche Orientierung am MAX meint gleichbedeutend Ausbildung und Studium sowie duale Studienformen. Die tats\u00e4chliche berufliche T\u00e4tigkeit und der lebenslange Lernprozess sollen im Kern der individuellen Entscheidung stehen. Dabei werden wir von externen Partnern wie der Bundesagentur f\u00fcr Arbeit, regionalen Unternehmen (VW, Enercon, Meyer Werft, Fokken und M\u00fcller, Sparkasse, uvm.) und umliegenden Hochschulen unterst\u00fctzt.<\/p>\n<p>\u00dcberblick aller berufsorientierenden Ma\u00dfnahmen in den jeweiligen Jahrg\u00e4ngen unseres Gymnasiums:<\/p>\n<p><strong>Sekundarstufe I<\/strong><\/p>\n<table>\n<tbody>\n<tr>\n<td width=\"81\"><strong><em>Jahrgang<\/em><\/strong><\/td>\n<td width=\"117\"><strong><em>Ma\u00dfnahme <\/em><\/strong><\/td>\n<td width=\"312\"><strong><em>Kurzerkl\u00e4rung<\/em><\/strong><\/p>\n<p><strong><em>\u00a0<\/em><\/strong><\/td>\n<\/tr>\n<tr>\n<td width=\"81\"><em>alle Jahrg\u00e4nge 5-10\u00a0\u00a0\u00a0\u00a0\u00a0\u00a0\u00a0 <\/em><\/td>\n<td width=\"117\">Zukunftstag<\/td>\n<td width=\"312\">Die Sch\u00fclerInnen besuchen Betriebe, um geschlechts-untypische Berufsbilder kennenzulernen.<\/p>\n<p>&nbsp;<\/td>\n<\/tr>\n<tr>\n<td width=\"81\"><em>Klasse 8<\/em><\/td>\n<td width=\"117\">Profil AC<\/td>\n<td width=\"312\">Mit diesem Kompetenzfeststellungsverfahren haben alle Sch\u00fclerInnen die Chance, ihre F\u00e4higkeiten von zwei Beobachtern analysieren zu lassen. Im Nachgang erh\u00e4lt jede\/jeder im Einzelgespr\u00e4ch eine R\u00fcckmeldung. Damit soll der Interessensgrundstein f\u00fcr weitere Ma\u00dfnahmen gelegt werden.<\/p>\n<p>&nbsp;<\/td>\n<\/tr>\n<tr>\n<td width=\"81\"><em>Klasse 9\/10<\/em><\/td>\n<td width=\"117\">Verfassen von Bewerbungsschreiben<\/td>\n<td width=\"312\">In den jeweiligen Sprachen (De, En, Sp, Fr) verfassen die Sch\u00fclerInnen Lebensl\u00e4ufe und Bewerbungsschreiben und simulieren kurze Bewerbungssituationen. Somit werden die Bewerbungen f\u00fcr das Praktikum in Jahrgang 11 vorbereitet.<\/p>\n<p>&nbsp;<\/td>\n<\/tr>\n<tr>\n<td width=\"81\"><em>Klasse 10<\/em><\/td>\n<td width=\"117\">Wirtschaft zum Anfassen<\/td>\n<td width=\"312\">Die Sch\u00fclerInnen besuchen an vier Tagen vier verschiedene regionale Betriebe und bereiten eine Pr\u00e4sentation vor, die im Nachgang vor Vertretern der Betriebe gehalten wird. Hier werden erste Praxiskontakte geschlossen, die die Entscheidung der Praktikumssuche st\u00fctzen sollen.<\/p>\n<p>&nbsp;<\/td>\n<\/tr>\n<tr>\n<td width=\"81\"><em>Klasse 10<\/em><\/td>\n<td width=\"117\">Bewerbertraining AOK<\/td>\n<td width=\"312\">Einen Tag lang simuliert die AOK f\u00fcr jeweils eine Klasse des Jahrgangs Bewerbungssituationen \u2013 eine wertvolle Praxiserfahrung am au\u00dferschulischen Lernort.<\/p>\n<p>&nbsp;<\/td>\n<\/tr>\n<\/tbody>\n<\/table>\n<p><strong>Sekundarstufe II<\/strong><\/p>\n<table>\n<tbody>\n<tr>\n<td width=\"81\"><strong><em>Jahrgang<\/em><\/strong><\/td>\n<td width=\"117\"><strong><em>Ma\u00dfnahme <\/em><\/strong><\/td>\n<td width=\"312\"><strong><em>Kurzerkl\u00e4rung<\/em><\/strong><\/p>\n<p><strong><em>\u00a0<\/em><\/strong><\/td>\n<\/tr>\n<tr>\n<td width=\"81\"><em>alle Jahrg\u00e4nge 11-13<\/em><\/td>\n<td width=\"117\">Beratungstermine Bundesagentur f\u00fcr Arbeit<\/td>\n<td width=\"312\">An einigen Tagen im Schuljahr bietet die Beratung f\u00fcr akademische Berufe der Bundesagentur Beratungstermine am MAX an. Hier werden sowohl Ausbildung als auch Studium ergebnisoffen beraten. Grundlage f\u00fcr die Beratung bietet das Sch\u00fclerportfolio.<\/p>\n<p>&nbsp;<\/td>\n<\/tr>\n<tr>\n<td width=\"81\"><em>Jahrgang 11<\/em><\/td>\n<td width=\"117\">Besuch im BIZ<\/td>\n<td width=\"312\">Vor den Bewerbungen zum Praktikum erwartet die Bundesagentur unsere Sch\u00fclerInnen im BIZ, um ihre Berufsinteressen zu kl\u00e4ren und zu strukturieren.<\/p>\n<p>&nbsp;<\/td>\n<\/tr>\n<tr>\n<td width=\"81\"><em>Jahrgang 11<\/em><\/td>\n<td width=\"117\">Betriebspraktikum<\/td>\n<td width=\"312\">Drei Wochen absolvieren die Sch\u00fclerInnen ein Praktikum an regionalen Betrieben, Verwaltungen oder auch Hochschulen. Der Lehrer f\u00fcr Politik und Wirtschaft betreut das Praktikum, f\u00fcr welches auch ein Bericht erstellt wird, der zum einen eine Klausurleistung ersetzt und zum anderen die individuelle Berufsorientierung auf Grundlage der Praxiserfahrung sch\u00e4rfen soll.<\/p>\n<p>&nbsp;<\/td>\n<\/tr>\n<tr>\n<td width=\"81\"><em>Jahrgang 11<\/em><\/td>\n<td width=\"117\">Unterricht Politik und Wirtschaft<\/td>\n<td width=\"312\">Die Sch\u00fclerInnen bereiten ihr Praktikum vor und nach. Zudem besch\u00e4ftigen sie sich mit dem regionalen Arbeits- und Ausbildungsmarkt und den Aufbauten von Ausbildungen und Studieng\u00e4ngen.<\/p>\n<p>&nbsp;<\/td>\n<\/tr>\n<tr>\n<td width=\"81\"><em>Jahrgang 12\/13<\/em><\/td>\n<td width=\"117\">Seminarfach<\/td>\n<td width=\"312\">Im Rahmen des Seminarfachs stellen sich NGOs und Staatsorganisationen sowie Hochschulen und Betriebe vor. Die Sch\u00fclerInnen haben die M\u00f6glichkeit, basierend auf ihren bisherigen Erfahrungen ihre Berufsinteressen zu \u00fcberpr\u00fcfen.<\/p>\n<p>&nbsp;<\/td>\n<\/tr>\n<tr>\n<td width=\"81\"><em>Jahrgang 12<\/em><\/td>\n<td width=\"117\">Vortragsreihe Rotary<\/td>\n<td width=\"312\">Die Sch\u00fclerInnen nehmen an je drei frei gew\u00e4hlten Abenden der Vortragsreihe des Rotary Clubs Emden teil, in der Menschen aus ihrer beruflichen Erfahrung und ihrem pers\u00f6nlichen Werdegang berichten.<\/p>\n<p>&nbsp;<\/td>\n<\/tr>\n<tr>\n<td width=\"81\"><em>Jahrgang 12<\/em><\/td>\n<td width=\"117\">JUMP!<\/td>\n<td width=\"312\">\u00dcber die Simulation von Accessement Center Situationen und anderen Bewerbungssituationen durch externe Berater und Beobachter haben die Sch\u00fclerInnen die Chance, ihre bisherigen Erfahrungen in diesem Gebiet zu vertiefen und sich auf die Zeit nach dem Abitur vorzubereiten.<\/p>\n<p>&nbsp;<\/td>\n<\/tr>\n<tr>\n<td width=\"81\"><em>Jahrgang 12<\/em><\/td>\n<td width=\"117\">Profil AC<\/td>\n<td width=\"312\">Wie in Jahrgang 8 werden die Kompetenzen der Sch\u00fclerInnen erfasst und mit den vorausgegangenen Ergebnissen vergleichen. Damit haben die Sch\u00fclerInnen die M\u00f6glichkeit, ihre Berufs- und Studienw\u00fcnsche mit ihren F\u00e4higkeiten abzugleichen.<\/p>\n<p>&nbsp;<\/td>\n<\/tr>\n<\/tbody>\n<\/table>\n<p>&nbsp;<\/p>\n<p>Dieses Konzept der Beruflichen Orientierung basiert auf dem Erlass \u201eBerufliche Orientierung an allgemein bildenden Schulen\u201c (RdErl. d. MK vom 17.09.2018) \u2013 24-81403, <a href=\"https:\/\/www.mk.niedersachsen.de\/startseite\/schule\/schuelerinnen_und_schueler_eltern\/berufliche_orientierung_an_allgemein_bildenden_schulen\/berufsorientierung-an-allgemein-bildenden-schulen-124167.html\">https:\/\/www.mk.niedersachsen.de\/startseite\/schule\/schuelerinnen_und_schueler_eltern\/berufliche_orientierung_an_allgemein_bildenden_schulen\/berufsorientierung-an-allgemein-bildenden-schulen-124167.html<\/a>) und befindet sich aktuell in Abstimmung mit den schulischen Gremien, ist somit vorbehaltlich deren Zustimmung.<\/p>\n<p>&nbsp;<\/p>\n<p>Ansprechpartner:<\/p>\n<p><a href=\"mailto:wilke.held@max-emden.net\">StR Wilke Held<\/a><\/p>\n<p>wilke.held@max-emden.net<\/p>\n","protected":false},"excerpt":{"rendered":"<p>Die Berufliche Orientierung am Max-Windm\u00fcller-Gymnasium wird als gesamtschulische Aufgabe begriffen. Jede Lehrerin und jeder Lehrer ist sich bewusst, dass jedes Fach inhaltlich und methodisch den<a class=\"moretag\" href=\"https:\/\/max-emden.de\/wordpress\/studien-und-berufsorientierung-fuer-die-jahrgaenge-11-und-12\/\"> [&#8230;]<\/a><\/p>\n","protected":false},"author":1,"featured_media":0,"parent":0,"menu_order":0,"comment_status":"closed","ping_status":"closed","template":"","meta":{"footnotes":""},"class_list":["post-819","page","type-page","status-publish","hentry"],"_links":{"self":[{"href":"https:\/\/max-emden.de\/wordpress\/wp-json\/wp\/v2\/pages\/819","targetHints":{"allow":["GET"]}}],"collection":[{"href":"https:\/\/max-emden.de\/wordpress\/wp-json\/wp\/v2\/pages"}],"about":[{"href":"https:\/\/max-emden.de\/wordpress\/wp-json\/wp\/v2\/types\/page"}],"author":[{"embeddable":true,"href":"https:\/\/max-emden.de\/wordpress\/wp-json\/wp\/v2\/users\/1"}],"replies":[{"embeddable":true,"href":"https:\/\/max-emden.de\/wordpress\/wp-json\/wp\/v2\/comments?post=819"}],"version-history":[{"count":12,"href":"https:\/\/max-emden.de\/wordpress\/wp-json\/wp\/v2\/pages\/819\/revisions"}],"predecessor-version":[{"id":18595,"href":"https:\/\/max-emden.de\/wordpress\/wp-json\/wp\/v2\/pages\/819\/revisions\/18595"}],"wp:attachment":[{"href":"https:\/\/max-emden.de\/wordpress\/wp-json\/wp\/v2\/media?parent=819"}],"curies":[{"name":"wp","href":"https:\/\/api.w.org\/{rel}","templated":true}]}}