{"id":9169,"date":"2020-03-26T10:29:43","date_gmt":"2020-03-26T10:29:43","guid":{"rendered":"http:\/\/max-emden.de\/wordpress\/?page_id=9169"},"modified":"2020-09-29T11:33:03","modified_gmt":"2020-09-29T11:33:03","slug":"delf","status":"publish","type":"page","link":"https:\/\/max-emden.de\/wordpress\/delf\/","title":{"rendered":"DELF"},"content":{"rendered":"<p><strong>DELF<\/strong><\/p>\n<p>&nbsp;<\/p>\n<p>Informationen zur DELF-AG<\/p>\n<p>&nbsp;<\/p>\n<p>Was?<\/p>\n<p>Das DELF (= Dipl\u00f4me d&#8217;Etudes en Langue Fran\u00e7aise) ist ein international anerkanntes, vom franz\u00f6sischen Staat ausgestelltes Diplom, das demjenigen, der die entsprechende schriftliche und m\u00fcndliche Pr\u00fcfung erfolgreich ablegt, seine Sprachkenntnisse im Franz\u00f6sischen bescheinigt. DELF-Pr\u00fcfungen gibt es auf unterschiedlichen Niveaus (mit steigendem Schwierigkeitsgrad: A1, A2, B1, B2). Mit den Abschl\u00fcssen B1 und B2 kann man sich dann z.B. ohne Sprachtest an einer franz\u00f6sischsprachigen Universit\u00e4t einschreiben.<\/p>\n<p>Unsere Schule bietet im Rahmen des Ganztags-Angebotes Vorbereitungskurse auf die DELF-Pr\u00fcfungen A1, A2 und B1 (in Ausnahmef\u00e4llen auch B2) an, diese Kurse werden durch den Franz\u00f6sischlehrer Severin Tillmann organisiert und durchgef\u00fchrt.<\/p>\n<p>Trainiert werden das H\u00f6r- und Leseverstehen sowie m\u00fcndlicher und schriftlicher Ausdruck.<\/p>\n<p>&nbsp;<\/p>\n<p>Wer?<\/p>\n<p>Franz\u00f6sisch-Lernerinnen und -lerner ab Klasse 7.<\/p>\n<p>&nbsp;<\/p>\n<p>Wo?<\/p>\n<p>Online-Pr\u00fcfungsvorbereitung \u00fcber das ISERV-Aufgabenmodul und ISERV-Videokonferenzen.<\/p>\n<p>&nbsp;<\/p>\n<p>Wann?<\/p>\n<p>Jeder Teilnehmer\/jede Teilnehmerin arbeitet selbstst\u00e4ndig an den \u00dcbungsaufgaben und verabredet individuelle Termine f\u00fcr Videokonferenzen. Die n\u00e4chste DELF-Pr\u00fcfung findet am Samstag, den 23.01.2021 statt, die AG-Vorbereitung startet nach den Herbstferien.<\/p>\n<p>&nbsp;<\/p>\n<p>Kosten?<\/p>\n<p>Pr\u00fcfungsgeb\u00fchr abh\u00e4ngig vom Schwierigkeitsgrad: A1 45,- \u20ac; A2 65,- \u20ac; B1 75,- \u20ac<\/p>\n<p>\u00dcbungsheft von Klett 12,80 \u20ac (pro Niveaustufe)<\/p>\n<p>&nbsp;<\/p>\n<p>Noch Fragen?<\/p>\n<p>Oder direkt anmelden?<\/p>\n<p><a href=\"mailto:severin.tillmann@max-emden.net\">severin.tillmann@max-emden.net<\/a><\/p>\n","protected":false},"excerpt":{"rendered":"<p>DELF &nbsp; Informationen zur DELF-AG &nbsp; Was? Das DELF (= Dipl\u00f4me d&#8217;Etudes en Langue Fran\u00e7aise) ist ein international anerkanntes, vom franz\u00f6sischen Staat ausgestelltes Diplom, das<a class=\"moretag\" href=\"https:\/\/max-emden.de\/wordpress\/delf\/\"> [&#8230;]<\/a><\/p>\n","protected":false},"author":1,"featured_media":0,"parent":0,"menu_order":0,"comment_status":"closed","ping_status":"closed","template":"","meta":{"footnotes":""},"class_list":["post-9169","page","type-page","status-publish","hentry"],"_links":{"self":[{"href":"https:\/\/max-emden.de\/wordpress\/wp-json\/wp\/v2\/pages\/9169","targetHints":{"allow":["GET"]}}],"collection":[{"href":"https:\/\/max-emden.de\/wordpress\/wp-json\/wp\/v2\/pages"}],"about":[{"href":"https:\/\/max-emden.de\/wordpress\/wp-json\/wp\/v2\/types\/page"}],"author":[{"embeddable":true,"href":"https:\/\/max-emden.de\/wordpress\/wp-json\/wp\/v2\/users\/1"}],"replies":[{"embeddable":true,"href":"https:\/\/max-emden.de\/wordpress\/wp-json\/wp\/v2\/comments?post=9169"}],"version-history":[{"count":2,"href":"https:\/\/max-emden.de\/wordpress\/wp-json\/wp\/v2\/pages\/9169\/revisions"}],"predecessor-version":[{"id":9946,"href":"https:\/\/max-emden.de\/wordpress\/wp-json\/wp\/v2\/pages\/9169\/revisions\/9946"}],"wp:attachment":[{"href":"https:\/\/max-emden.de\/wordpress\/wp-json\/wp\/v2\/media?parent=9169"}],"curies":[{"name":"wp","href":"https:\/\/api.w.org\/{rel}","templated":true}]}}