{"id":9177,"date":"2020-03-26T10:32:17","date_gmt":"2020-03-26T10:32:17","guid":{"rendered":"http:\/\/max-emden.de\/wordpress\/?page_id=9177"},"modified":"2025-01-15T12:45:43","modified_gmt":"2025-01-15T11:45:43","slug":"science-ag","status":"publish","type":"page","link":"https:\/\/max-emden.de\/wordpress\/science-ag\/","title":{"rendered":"Science-AG"},"content":{"rendered":"<p>Die Science-AG l\u00e4dt ein, die mathematisch naturwissenschaftliche Welt zu erforschen und zu untersuchen.<\/p>\n<p>Mathematische Knobeleien und Kopfn\u00fcsse bereiten eine erfolgreiche Teilnahme an mathematischen Wettbewerben (Mathe-Olympiade) vor.<\/p>\n<p>Aber auch andere naturwissenschaftliche Projekte, wie die Untersuchung der Emder Gew\u00e4sser auf Mikroplastik, k\u00f6nnen hier durchgef\u00fchrt werden.<\/p>\n<p>Kontakt: <a href=\"mailto:jochen.scheuermann@max-emden.net\">Herr Scheuermann<\/a><\/p>\n","protected":false},"excerpt":{"rendered":"<p>Die Science-AG l\u00e4dt ein, die mathematisch naturwissenschaftliche Welt zu erforschen und zu untersuchen. Mathematische Knobeleien und Kopfn\u00fcsse bereiten eine erfolgreiche Teilnahme an mathematischen Wettbewerben (Mathe-Olympiade)<a class=\"moretag\" href=\"https:\/\/max-emden.de\/wordpress\/science-ag\/\"> [&#8230;]<\/a><\/p>\n","protected":false},"author":1,"featured_media":0,"parent":0,"menu_order":0,"comment_status":"closed","ping_status":"closed","template":"","meta":{"footnotes":""},"class_list":["post-9177","page","type-page","status-publish","hentry"],"_links":{"self":[{"href":"https:\/\/max-emden.de\/wordpress\/wp-json\/wp\/v2\/pages\/9177","targetHints":{"allow":["GET"]}}],"collection":[{"href":"https:\/\/max-emden.de\/wordpress\/wp-json\/wp\/v2\/pages"}],"about":[{"href":"https:\/\/max-emden.de\/wordpress\/wp-json\/wp\/v2\/types\/page"}],"author":[{"embeddable":true,"href":"https:\/\/max-emden.de\/wordpress\/wp-json\/wp\/v2\/users\/1"}],"replies":[{"embeddable":true,"href":"https:\/\/max-emden.de\/wordpress\/wp-json\/wp\/v2\/comments?post=9177"}],"version-history":[{"count":3,"href":"https:\/\/max-emden.de\/wordpress\/wp-json\/wp\/v2\/pages\/9177\/revisions"}],"predecessor-version":[{"id":18157,"href":"https:\/\/max-emden.de\/wordpress\/wp-json\/wp\/v2\/pages\/9177\/revisions\/18157"}],"wp:attachment":[{"href":"https:\/\/max-emden.de\/wordpress\/wp-json\/wp\/v2\/media?parent=9177"}],"curies":[{"name":"wp","href":"https:\/\/api.w.org\/{rel}","templated":true}]}}