{"id":9196,"date":"2020-03-26T12:36:33","date_gmt":"2020-03-26T12:36:33","guid":{"rendered":"http:\/\/max-emden.de\/wordpress\/?page_id=9196"},"modified":"2020-03-26T12:36:33","modified_gmt":"2020-03-26T12:36:33","slug":"jugend-forscht","status":"publish","type":"page","link":"https:\/\/max-emden.de\/wordpress\/jugend-forscht\/","title":{"rendered":"Jugend-forscht"},"content":{"rendered":"<p>Jugend forscht ist\u00a0Deutschlands bekanntester Nachwuchswettbewerb.\u00a0Ziel ist, Jugendliche f\u00fcr Mathematik, Informatik, Naturwissenschaften und Technik zu begeistern, Talente zu finden und zu f\u00f6rdern. Pro Jahr gibt es bundesweit 120 Wettbewerbe. Teilnehmen k\u00f6nnen Jugendliche ab der 4. Klasse bis zum Alter von\u00a021 Jahren. Wer mitmachen will, sucht sich selbst eine interessante Fragestellung f\u00fcr sein Forschungsprojekt. Den Gewinnern winken attraktive Geld- und Sachpreise.<\/p>\n<p>In den letzten Jahren untersuchten bereits mehrere Gruppen von Sch\u00fcler*innen des Max spannende naturwissenschaftliche Fragestellungen wie \u201eHilft Propolis gegen Krankheitserreger\u201c, \u201eLaser-Sicherheit\u201c und \u201eElektrisiermaschine\u201c, mit denen die Jungforscher*innen einige Preise und zuletzt sogar den Regionalwettbewerb im Bereich Physik gewinnen konnten.<\/p>\n<p>Kontakt: Herr Makus (andreas.makus(at)max-emden.net) oder Herr Scheuermann (jochen.scheuermann(at)max-emden.net)<\/p>\n","protected":false},"excerpt":{"rendered":"<p>Jugend forscht ist\u00a0Deutschlands bekanntester Nachwuchswettbewerb.\u00a0Ziel ist, Jugendliche f\u00fcr Mathematik, Informatik, Naturwissenschaften und Technik zu begeistern, Talente zu finden und zu f\u00f6rdern. Pro Jahr gibt es<a class=\"moretag\" href=\"https:\/\/max-emden.de\/wordpress\/jugend-forscht\/\"> [&#8230;]<\/a><\/p>\n","protected":false},"author":1,"featured_media":0,"parent":0,"menu_order":0,"comment_status":"closed","ping_status":"closed","template":"","meta":{"footnotes":""},"class_list":["post-9196","page","type-page","status-publish","hentry"],"_links":{"self":[{"href":"https:\/\/max-emden.de\/wordpress\/wp-json\/wp\/v2\/pages\/9196","targetHints":{"allow":["GET"]}}],"collection":[{"href":"https:\/\/max-emden.de\/wordpress\/wp-json\/wp\/v2\/pages"}],"about":[{"href":"https:\/\/max-emden.de\/wordpress\/wp-json\/wp\/v2\/types\/page"}],"author":[{"embeddable":true,"href":"https:\/\/max-emden.de\/wordpress\/wp-json\/wp\/v2\/users\/1"}],"replies":[{"embeddable":true,"href":"https:\/\/max-emden.de\/wordpress\/wp-json\/wp\/v2\/comments?post=9196"}],"version-history":[{"count":1,"href":"https:\/\/max-emden.de\/wordpress\/wp-json\/wp\/v2\/pages\/9196\/revisions"}],"predecessor-version":[{"id":9197,"href":"https:\/\/max-emden.de\/wordpress\/wp-json\/wp\/v2\/pages\/9196\/revisions\/9197"}],"wp:attachment":[{"href":"https:\/\/max-emden.de\/wordpress\/wp-json\/wp\/v2\/media?parent=9196"}],"curies":[{"name":"wp","href":"https:\/\/api.w.org\/{rel}","templated":true}]}}